prime factors of t.
2, 7
List the prime factors of -2*9/(-36)*10826.
5413
Let b(d) = -7*d + 10. Let f(l) = -1. Let n(o) = -b(o) - 4*f(o). List the prime factors of n(5).
29
Suppose 2*t - 23 = 41. What are the prime factors of -1 + 0 + (-3)/((-3)/t)?
31
Suppose -5*a + 2*o = -3*a - 16, 0 = 4*a - o - 29. Let k(l) = -13*l + 7. Let d(t) = -7*t + 3. Let c(v) = 5*d(v) - 3*k(v). What are the prime factors of c(a)?
2, 11
Suppose -y = -2*t - t + 134, 1 = y. What are the prime factors of t?
3, 5
Suppose p - 6*i = -i - 7, -2*p - 5*i + 31 = 0. Suppose p*a - 853 = 1459. List the prime factors of a.
17
Let x be 18/(-99) - (-1 + (-84)/(-22)). List the prime factors of ((-172)/x)/((-20)/(-30)).
2, 43
Suppose f + 492 = -2*f + 3*c, 5*f + 4*c + 775 = 0. Let v = f - -333. What are the prime factors of v?
2, 3, 29
Let k = 19 + -22. What are the prime factors of ((-9)/(-2) + k)*436/6?
109
Suppose 250*j = 258*j - 43176. List the prime factors of j.
3, 7, 257
Let b = 133 + -116. List the prime factors of b.
17
Suppose 2*j + 254 = 5*c - 0*j, 3*j = 3*c - 147. Suppose -15 = -t + c. What are the prime factors of t?
67
Let n(s) = 204*s - 163. List the prime factors of n(3).
449
Suppose 3*q + 3*u - 33 = 0, -4*u - 40 = -2*q + 6. List the prime factors of q.
3, 5
Suppose 0 = -m + 4. Suppose m*a - 35 - 69 = 0. Let n = 1 + a. List the prime factors of n.
3
Let p(g) = 6*g**2 + 5*g - 10. Let y be p(-5). Suppose -2*i = 3*i - y. What are the prime factors of i?
23
Let f = -2 + 5. Let w(k) = 52 + 7*k**2 + k**f - 52 - 11*k. List the prime factors of w(-8).
2, 3
Suppose d + 2*f - 6*f - 158 = 0, 2*d - 3*f = 321. What are the prime factors of d?
2, 3
Let h(z) = z**2 + 9*z - 4. Let f(b) = -b**2 - 4*b + 2. Let i(x) = -9*f(x) - 4*h(x). What are the prime factors of i(-2)?
2, 3
Suppose -4*i - 5*q + 609 = 0, 4*q = 3*i + 2*q - 428. List the prime factors of i.
2, 73
Let o be (0 + (-2)/(-3))*2172/8. Let g = o + -104. List the prime factors of g.
7, 11
Let n be (-9)/(-27) + (-86)/(-3). Suppose 0 = -28*m + n*m - 2. What are the prime factors of (1 - 12)*(m + -3)?
11
Suppose 3710 = 8*d - 10778. List the prime factors of d.
1811
Let r(i) be the second derivative of -i**3/2 - 6*i**2 - 2*i. Let t(d) = d**3 - 10*d**2 - 7*d - 55. Let n be t(11). What are the prime factors of r(n)?
3, 7
Suppose 216 = -2*p - 7*p. Suppose -4*a = 7 + 5. Let w = a - p. List the prime factors of w.
3, 7
Let p be 2/(4/3)*-2. Let b(a) be the second derivative of a**4/12 - a**3 - 5*a**2/2 - 8*a - 8. What are the prime factors of b(p)?
2, 11
List the prime factors of 0 - 0 - (-18)/6 - -91.
2, 47
Let n(q) = -23*q - 19. List the prime factors of n(-4).
73
Let n(h) = -2*h. Let c be n(-3). Let j = c + -3. List the prime factors of (-2)/(-2*j/30).
2, 5
Let s be (-10 + 2)*(-2)/8. Suppose 0*p = -s*p + 5*h + 9, -h = -3*p + 20. List the prime factors of p.
7
List the prime factors of 10/(-35) - 13215/(-21).
17, 37
Let i(k) = 2*k**2 - 12*k + 87. What are the prime factors of i(45)?
3, 11, 109
Let s = 536 - 136. What are the prime factors of s?
2, 5
List the prime factors of (8394/4)/3*4208/526.
2, 1399
What are the prime factors of -2*(-20)/32*(-124)/(-1)?
5, 31
Let i be (-12)/(-24) + 62/(-4). Let a = i + 68. What are the prime factors of a?
53
Let l = -18 - -32. Suppose -2*b = 5*j - 35, -25 = -2*b - j + l. Let n = 28 - b. List the prime factors of n.
2
Let o(p) = -p**2 + 29*p + 11. List the prime factors of o(29).
11
Let w = 205 + -149. What are the prime factors of w?
2, 7
Let u be -11 + 14 + 1*-19. Let a be 126/(-4)*u/6. Suppose 2*b = 5*b - a. List the prime factors of b.
2, 7
Suppose 0 = -5*v + 15 - 5. Suppose 0 = -v*u + 2*c + 558, -u + 2*c + 369 = 86. List the prime factors of u.
5, 11
Suppose 15*r + 5*l = 10*r + 9580, 3*l + 3857 = 2*r. What are the prime factors of r?
17, 113
Let t(g) = 2*g**2 - 5*g - 3 - g**2 + 10*g**2 + g. Let x be t(-2). Suppose x = 4*y - 71. List the prime factors of y.
2, 3, 5
Let x be ((-2)/1)/6*-9. Suppose -x*q = -4*q. What are the prime factors of 43 + 1 + q/(-3)?
2, 11
Suppose s + 60 = -3*k - 2*k, -k + 109 = -2*s. Let f = -16 - s. What are the prime factors of f?
3, 13
Let u = 117 - 5. Let c = u + -59. List the prime factors of c.
53
Let r(q) = -q**2 - q + 28. Let s be r(0). Suppose 7*g - 8*g + s = 0. List the prime factors of g.
2, 7
Suppose 0 = 5*m + 1 - 11. Let b be 12/3 + (m - 1). Suppose 0 = -n - b*d + 29, -5*n + 105 = 4*d + d. What are the prime factors of n?
19
Suppose -141*h = -140*h - 561. What are the prime factors of h?
3, 11, 17
Let z(w) = w**2 - 4*w - 5. Let u be z(-3). What are the prime factors of (-2031)/36*-3 - 4/u?
13
Let b(l) = -4*l**2 + 67*l - 23. What are the prime factors of b(12)?
5, 41
Let b = 20 - 6. Let t = b - 12. List the prime factors of 56/((-2)/t*-2).
2, 7
Suppose 4 + 12 = -4*q, k + 2*q = 263. What are the prime factors of k?
271
Let f be (68/(-16))/((-2)/(-8)). Suppose 3 + 5 = c - 4*n, 3*c + 2*n + 18 = 0. Let j = c - f. What are the prime factors of j?
13
Let p be 3 - 1 - (-5 - -2). Suppose 3*q + 2*m - 7*m - 101 = 0, -p*m - 20 = 0. Suppose -q = -2*l + 5. What are the prime factors of l?
2
Suppose 0 = 4*y - 304 - 860. List the prime factors of y.
3, 97
Let i(b) = -b**2 + b + 1. Let a(f) = 11*f**2 + 10*f + 9. Let t(x) = a(x) - 6*i(x). What are the prime factors of t(-1)?
2
Suppose 2*o - 3*i = i - 542, -i + 1364 = -5*o. Let a = o + 505. What are the prime factors of a?
2, 29
Suppose 10*o - 21*o + 15081 = 0. What are the prime factors of o?
3, 457
Let f(d) = -3*d**3 + 2*d**2 - 7*d. Suppose 5*r + 2*j = -15, 2*j - 1 - 5 = 2*r. What are the prime factors of f(r)?
2, 3, 5
Let y(g) = -g**3 + 32*g**2 - 7*g - 115. What are the prime factors of y(31)?
17, 37
Let a(p) = -120*p - 10. Let x be a(-3). List the prime factors of (-9)/6 + (x/4)/1.
2, 43
Let z = -67 + 114. List the prime factors of z.
47
Let z = 111 - 39. What are the prime factors of z?
2, 3
Let m = -174 + 1305. List the prime factors of m.
3, 13, 29
Suppose 4*f - 2*m = m + 21, 0 = 3*f - 5*m - 24. Suppose -f*t + 50 = -109. List the prime factors of t.
53
Let n = 4265 - 2899. List the prime factors of n.
2, 683
Suppose 2*v = 5*n - 35, 0*n + 5 = -2*v - n. Let w = -3 - v. Suppose -w*l + 57 = l. What are the prime factors of l?
19
Let y = -2868 + 5932. What are the prime factors of y?
2, 383
Let n be (-88)/(-14) - (-2)/(-7). Let z be (-7)/(-14) - 381/n. List the prime factors of 42/z + 358/6.
59
Let a be 4/8 + 6/4. Suppose a*x = 5*g - 17, -5*g + 12 = -x + 4*x. List the prime factors of -2 + g/3 + 21.
2, 5
Suppose 0*d - d + 4*j = 20, -25 = 2*d - 5*j. Suppose -46 = v - 2*b, -v + d*v + 5*b = 49. Let g = -31 - v. List the prime factors of g.
13
Let v(d) = -d**3 - 2*d**2 + 3*d + 5. Let t be v(-3). Suppose 20 = -t*a + 5. List the prime factors of 19/(-3)*a + -4.
3, 5
Suppose -2*k = 4*k. Suppose 0 = 2*i - 5*d - 6 - 49, k = -3*i - d + 91. What are the prime factors of i?
2, 3, 5
Let u = -1 + -1. What are the prime factors of (u - (-35)/15) + (-478)/(-6)?
2, 5
Suppose h = 5 + 1. Suppose h*b - 2*b - 176 = 0. What are the prime factors of b?
2, 11
Let t(l) = -l**3 - 3*l**2 - 8*l + 50. List the prime factors of t(-7).
2, 151
Let u(d) be the second derivative of 0 - 4/3*d**3 + 5*d - 5*d**2. List the prime factors of u(-10).
2, 5, 7
Suppose -6*i + 3*k + 573 = -3*i, -3*i + 557 = 5*k. Let s = i + -126. List the prime factors of s.
3, 7
List the prime factors of (-9464)/(-6) + 24/36.
2, 3, 263
Suppose 496 = 9*p + 37. List the prime factors of p.
3, 17
Let o(x) = 8*x - 1 - 2*x**3 + 0*x**3 + 10*x**2 - 16*x**2 + x**3. List the prime factors of o(-8).
3, 7
Suppose 4*w + 42 = -5*i - 212, 5*i + 245 = 5*w. Let p be (-10)/i - 318/(-10). Suppose -83 = -a - p. List the prime factors of a.
3, 17
Suppose -c + 122 = -0*l - 4*l, -2*c = 4*l - 184. Suppose 2*g + 4*w - c + 36 = 0, -g - 5*w + 45 = 0. What are the prime factors of g?
5
Let m be (-1)/(-2) + (-174)/(-12). Suppose -r - 3*w = -5*r + 804, 0 = 4*r + 3*w - 780. List the prime factors of 5/2*r/m.
3, 11
Suppose -613 = -4*b - z, z - 48 = -47. What are the prime factors of b?
3, 17
Suppose 0 = 90*h - 96*h + 20850. List the prime factors of h.
5, 139
What are the prime factors of (-19)/(-76)*(1465 + 6/2)?
367
Let b = -32 - -34. List the prime factors of b/(-15) + (-558)/(-135).
2
Suppose -20 = -0*j - 4*j, 